
Let b be (1 + (-595)/20)/(3/12). Let t = 334 + b. What are the prime factors of t?
3, 73
Let t(j) = 2*j - 3*j - 9*j + 6*j. Let x be t(-1). Suppose -2*s + 5*z = -6*s + 23, s - 14 = -x*z. List the prime factors of s.
2
Let a(k) = -k**3 - 1 - 9*k**2 + 10*k + 12 + 2*k**3. Let m = 26 + -18. What are the prime factors of a(m)?
3
Let o(f) = f**2 + f + 17. Let p(s) = 1. Let b(j) = o(j) + 2*p(j). Let w be (-1)/5 + 1/5. List the prime factors of b(w).
19
Let c = -38 - -41. Suppose 2*w - w - 169 = -3*k, 5*k + c*w - 283 = 0. What are the prime factors of k?
2, 7
Suppose -v + 5*v + 304 = 0. Let g = v - -128. What are the prime factors of g?
2, 13
Let x(g) = 24*g - 3. Let v(r) = -24*r + 3. Let t(p) = -3*v(p) - 2*x(p). Let b be t(5). Let o = 165 - b. What are the prime factors of o?
2, 3
Suppose 28 = -0*n + n + 4*b, -5*n + 208 = 3*b. Let z = 28 + n. List the prime factors of z.
2, 3
Let f be 7*(7 + -2)/5. Let j = 10 - f. List the prime factors of j.
3
Suppose o = 5*l + 86, -4*o + 3*l - 69 + 345 = 0. Let p = o + -4. Let s = p + -21. List the prime factors of s.
41
Let k(n) = -n**3 + 6*n**2 + 5*n - 8. Let q = -25 - -24. Let j be (q + -3 - -2)*-3. What are the prime factors of k(j)?
2, 11
Suppose 1344 = f + 6*f. List the prime factors of f.
2, 3
Let d be 300/90*(17/5 + -1). Let k(r) = 2*r**3 - 14*r**2 + 16*r + 7. List the prime factors of k(d).
263
Let n(x) = x**3 - x**2 - 4*x - 1. Let u be n(3). Let p(f) = f**3 - 3*f**2 - 6*f - 3. Let c be p(u). Let z = 31 - c. What are the prime factors of z?
2, 7
Suppose 0 = 5*c - 2*f - 18, 0*c - 4*f = c + 14. Suppose c*a = 4*a - 56. What are the prime factors of (a/(-21))/((-2)/15)?
2, 5
Let g(v) = 119*v**3 - 4*v + 3. Suppose 5*h = -4*t - t, -t = 4*h - 3. List the prime factors of g(h).
2, 59
Let v(o) = o**2 - 24*o + 15. List the prime factors of v(-10).
5, 71
Let u = -61 - -116. Let h = 68 + u. List the prime factors of h.
3, 41
Suppose -2*l + 2298 = -3*n, -2*l - 2*l + 4596 = -2*n. List the prime factors of l.
3, 383
Let x be (-30)/(-9)*6/4. Suppose -2*n + 2*i + 172 = 0, x*n - 4*i - 194 - 238 = 0. Let j = -39 + n. List the prime factors of j.
7
Let r = -846 - -1238. Let o = r - 272. List the prime factors of o.
2, 3, 5
Let h = 32 + 61. Let j be h/(-1) + 4/2. Let x = j - -132. What are the prime factors of x?
41
Let f = 215 + -111. Suppose 0 = -5*z + 599 - f. List the prime factors of z.
3, 11
Suppose -11*v - 4*v = -10140. List the prime factors of v.
2, 13
Let p = -1 + 5. Suppose 3*o - p = 4*o. Let j = o + 6. List the prime factors of j.
2
Suppose 5*b - 2*v = 11997, -7*b + v = -5*b - 4798. List the prime factors of b.
7
Suppose -9 = 50*w - 51*w. Suppose w*m - 3*m - 2010 = 0. List the prime factors of m.
5, 67
Let z = 10 - 5. Suppose -u + z = -48. Suppose 3*j - 72 = 2*l - l, u = 2*j + l. List the prime factors of j.
5
Let k be (4 - (-20)/(-4))*-4. Suppose k*d = 5*d - 5*p - 21, 0 = d - 2*p - 30. Suppose 68 = 4*x - d. What are the prime factors of x?
2, 13
Suppose 742 = 2*n - 1608. What are the prime factors of n?
5, 47
Let j = 52 + -85. What are the prime factors of ((-209)/3)/(11/j)?
11, 19
Suppose 3*p = 6*p + 3. Let q be (-3 - 1) + (-102 - p). What are the prime factors of (-4 + 0)*q/20?
3, 7
Let w be 100/45 + 4/(-18). Let c be w/3 - 7/(-3). Suppose -c*z - 147 = -6*z. List the prime factors of z.
7
Let j be (2/(-6))/(8/(-264)). Let n = 18 - 5. Let f = n - j. What are the prime factors of f?
2
Let u = 0 + 4. Suppose 2*f - 424 = -4*i, 3*i - 311 = u*f - 2*f. Suppose 5*l - i = -0*l. List the prime factors of l.
3, 7
Let u(l) = -l**3 - 50*l**2 + 22*l + 64. List the prime factors of u(-51).
1543
List the prime factors of (-2)/(-11) - ((-14840)/55 + 0).
2, 3, 5
Suppose 4*i = 3*d - d - 680, -5*d + 2*i + 1700 = 0. List the prime factors of d.
2, 5, 17
Let g(s) = 4*s**2 + 9*s - 7. Let a be g(12). Let v = a + -397. List the prime factors of v.
2, 5, 7
Suppose 7*c - 8*c + 48 = 0. Suppose 23 = a - c. What are the prime factors of a?
71
Let s = 16 - 14. Let l be (-10 + 8)*(0 - s). What are the prime factors of l/18 - (-3245)/99?
3, 11
Let u = -216 + 323. Let v = 161 - u. What are the prime factors of v?
2, 3
Let v = 27 + -2. List the prime factors of v/((1 + 0)*1).
5
Let k = 42 - 26. Let q = k - -23. List the prime factors of q.
3, 13
Let m(x) = -5*x - 2. Let o be m(-2). Let g(u) = u**3 - 6*u**2 - 12*u + 1. What are the prime factors of g(o)?
3, 11
Let g = 313 + -200. Let y = -131 - -78. Let j = g + y. What are the prime factors of j?
2, 3, 5
Let m be (-1 - 0 - -21)*1/1. Suppose 2*w = 64 - m. List the prime factors of w.
2, 11
Suppose -3*v = -4*t + 6*t - 7, -v + 2*t + 13 = 0. What are the prime factors of 154 + 6 + -1*v?
5, 31
Let h = -395 - -102. Let u = -202 - h. What are the prime factors of u?
7, 13
Let q be (-10)/4*(-16)/(-20). Let r(j) = -3*j**3 + 2*j**2 + j + 4. What are the prime factors of r(q)?
2, 17
Suppose 1107*p = 1104*p + 333. What are the prime factors of p?
3, 37
What are the prime factors of (4653/(-21))/(4/(-28))?
3, 11, 47
Suppose 0 = 5*k - 2*k + 51. Let c = 20 + k. Suppose -c = t - 11. List the prime factors of t.
2
Suppose 5*c + 15 = -5*i, 7 = 3*i - 3*c - 2. Suppose 0 = 2*u - i*u - 26. Suppose p + u = 37. What are the prime factors of p?
2, 3
Let f be 3 - -2*4/8. Suppose 4*n = 4*k - 20, -3*k - 3*n = -f - 29. Suppose 0 = c - k - 10. List the prime factors of c.
2, 3
Suppose 3*h + h + 5*i = 5, 3*h - 3 = -4*i. Suppose 0 = h*j - 0*j - 180. Suppose 2*y + y - j = 0. What are the prime factors of y?
2, 3
Suppose 5 = 2*l - 5. Suppose -l*v + 5 = -15. What are the prime factors of 28*4/64*v?
7
Suppose 3*n - 13244 = 5*g, -3*g + 31493 = 5*n + 9465. What are the prime factors of n?
2, 19, 29
Suppose 2*f = 25*f - 69253. What are the prime factors of f?
3011
Let x(b) = 86*b + 63. What are the prime factors of x(5)?
17, 29
Let n(s) = 20*s**2 - 14*s + 20. List the prime factors of n(4).
2, 71
Let r(y) = y**3 - 3*y**2 - 2. Let w be r(4). Let i(a) = a**2 - 8*a + 2. What are the prime factors of i(w)?
2, 43
Suppose 12 = -2*c - 48. Let a = c + 69. List the prime factors of a.
3, 13
Suppose -2*m + 80 = w, m - 70 = -w - 3*m. Suppose -3*c - 128 = -4*s, -2*s + 5*c = -4*s + w. List the prime factors of s.
5, 7
List the prime factors of (-9 - -45)/((21/(-4))/(-7)).
2, 3
Let f = 22 + -59. Let d = f + 215. Suppose -3*a + 5*o = -185, -4*a + a + d = 2*o. List the prime factors of a.
2, 3, 5
Let r(c) = 20*c + 1. Let q be r(4). Suppose 3*n + 33 = -q. Let h = 64 + n. List the prime factors of h.
2, 13
Suppose 3*q - 149 = -62. Suppose -142 = -r - q. List the prime factors of r.
113
Suppose 29 = 4*g + 33. Let p(a) = -171*a - 3. List the prime factors of p(g).
2, 3, 7
Let x(b) be the first derivative of b**4/12 - 2*b**3/3 + 2*b**2 - 3*b - 7. Let k(n) be the first derivative of x(n). List the prime factors of k(8).
2, 3
Suppose 5*c = 4 + 6. Suppose -3*m = -c*y + 82, 5*m - 104 = -4*y + y. Suppose 2*x - 10 - y = 0. List the prime factors of x.
2, 3
Let f(z) = -z**3 - 17*z**2 + 16*z - 15. Let q be f(-18). Let b = q - 16. What are the prime factors of b?
5
List the prime factors of (1 - (-286)/(-3))*144/(-48).
283
Let p(b) = 2*b**2 + 8*b + 9. Let d be p(-4). Let c be 6/(-4)*12/d. List the prime factors of (-1903)/(-77) - c/7.
5
Suppose 5*u - 5389 + 2024 = 0. What are the prime factors of u?
673
Let j(z) = 1. Let a(v) = -v**2 + 2*v + 10. Let m(h) = -a(h) + 6*j(h). List the prime factors of m(9).
59
Let z be 10/(12/(-8) - -2). Let h be ((-9)/(-15))/(4/z). Suppose -108 = -h*t - t. What are the prime factors of t?
3
Let h(u) = 10 + 5*u + 5 - 20 + u**2. What are the prime factors of h(4)?
31
Let q be (34 - 9/3)*1. Let b = q + -26. Suppose -204 = -b*c + 41. What are the prime factors of c?
7
Let q = -38 + 38. Suppose -4*a + 5*a = -n + 37, 4*a + 2*n - 154 = q. What are the prime factors of a?
2, 5
Suppose 0*p + 2*p - 5*s = -6, -5*p + 55 = 5*s. Let y(j) = -j**3 + 9*j**2 + 6. List the prime factors of y(p).
2, 13
Suppose 0 = -k - 3*k - 60. Let w = k + 83. What are the prime factors of w?
2, 17
List the prime factors of 67364/33 - (-1)/(-3).
13, 157
Let p be ((-6)/(-4))/(-3*7/(-13566)). Let t = -675 + p. List the prime factors of t.
2, 3, 7
Let w be 2*((-122)/(-4) - -4)/(-3). Let n = 93 - w. List the prime factors of n.
2, 29
Suppose d + 10 = 3*d. Let i(c) = 2*